, u*c = 4*p - 3*c - n. Does 9 divide p?
False
Suppose 227 = 2*h + 73. Is h a multiple of 47?
False
Suppose 6*d - 2*d = 12. Does 15 divide 3/((-6)/(-80)) + d?
False
Let h(b) = -b**2 + 6. Suppose 0 = -2*x + 7*x. Is 5 a factor of h(x)?
False
Let f = -37 + 53. Let z = -5 + f. Is z a multiple of 11?
True
Suppose 3*s + d - 8 - 55 = 0, -2*s = d - 41. Is 16 a factor of s?
False
Let m = -64 + 43. Does 22 divide (-6)/21 - 468/m?
True
Let j(q) = q**2 + 2*q - 33. Is 13 a factor of j(11)?
False
Suppose 3*w = 2*w - 222. Is (2/4)/((-3)/w) a multiple of 27?
False
Suppose -c + 850 = 5*t, -2*t + 2*c + 694 = 2*t. Does 19 divide t?
True
Let d = -4 + 7. Let r be d + 11 + -3 - 0. Suppose -u + r = 2. Does 9 divide u?
True
Let o(a) = a**2 + 6*a + 1. Suppose 14 = -2*z + 4. Let b be o(z). Let c = b + 14. Is c a multiple of 10?
True
Suppose -2*p + 0 + 6 = 0. Suppose -2*x - p*k = -14, -3*k - 32 = -3*x - 2*k. Is x a multiple of 3?
False
Let l(r) = -2*r - 2. Suppose 2 = 3*m + 14. Is l(m) a multiple of 6?
True
Let a = 14 - -6. Is a a multiple of 9?
False
Suppose 20*v = 10*v + 2550. Is v a multiple of 17?
True
Let j(g) = -g**2 + 23*g + 7. Does 18 divide j(19)?
False
Let t(i) = -3*i**2 - i**2 - 2 + i**3 - 5. Let p(u) = -u**3 - 2*u**2 - 2*u + 1. Let q be p(-2). Is t(q) a multiple of 9?
True
Let z = 8 + -8. Is z/(-4) - -16*1 a multiple of 16?
True
Let u(j) be the first derivative of 5*j**2/2 - 2*j - 2. Is u(6) a multiple of 14?
True
Suppose -4*g + 31 + 66 = 5*w, -2 = -w + 5*g. Does 13 divide w?
False
Suppose 4*f - 18 = 5*j, -4*j + f = -3*f + 16. Is ((-46)/(-4))/(j/(-4)) a multiple of 6?
False
Is ((-42)/(-4))/(2/4) a multiple of 7?
True
Let r = -6 + 5. Let v be 1 - 3/(3/r). Suppose -1 = v*q + 7, s - 20 = q. Is 12 a factor of s?
False
Let f(k) = -13*k + 5. Let j be f(5). Does 14 divide 24/j + (-324)/(-10)?
False
Let x = 338 + -122. Is x a multiple of 54?
True
Let t be 1 - 4/(-4 + 3). Suppose -5*f + 2*c + 5 = -3, -13 = -t*f - 3*c. Suppose -f*r - r + 99 = 0. Does 14 divide r?
False
Let w(l) = 0*l**2 - 1 - l**3 - 9*l - 7*l**2 + l + 0*l**2. Is 11 a factor of w(-6)?
True
Suppose -k + 20 = -0. Suppose n - 3*n + k = 0. Is n a multiple of 9?
False
Suppose -34 = -3*c + 83. Is c a multiple of 24?
False
Let a(q) be the third derivative of 2*q**5/15 + q**4/12 + 6*q**2. Does 18 divide a(2)?
True
Let k(f) = -197*f - 1. Let m be k(-2). Suppose -3*g + 289 = 40. Suppose -g = 5*y - m. Is 17 a factor of y?
False
Suppose 7*d = 173 + 247. Is d a multiple of 12?
True
Does 15 divide ((-3)/(-9))/(3/873)?
False
Let p be (-6)/(-1*6/87). Let r = 47 - -1. Suppose 0 = 5*o - r - p. Does 9 divide o?
True
Suppose 4*z = 5*z - 26. Let y = z - 14. Suppose j + 5 = y. Does 5 divide j?
False
Is 20 a factor of -2 - 22/(-4)*4?
True
Let n be 1/1 + -1 + 12. Let p be (-844)/(-14) + n/(-42). Suppose -4*k = k - 2*l - 231, -5*l - p = -k. Is k a multiple of 17?
False
Let s(t) = 2*t + 9. Let u(h) = h + 1. Let m(d) = -s(d) + 3*u(d). Let c be m(-6). Let z = c - -17. Does 2 divide z?
False
Suppose -5*f = -148 + 48. Is 20 a factor of f?
True
Let n be (-9)/(-3) + (-2 - -5). Let d be 2 + -4 + n - -2. Is (d/7)/(3/42) a multiple of 4?
True
Let z = -4 + 9. Suppose 3*l + 26 = 2*x - 6*x, -3*l - 8 = -z*x. Does 9 divide (l/4)/(9/(-120))?
False
Let l be (-5)/((-3)/1 - -2). Let r be (-1)/l + (-222)/15. Let o = r + 25. Is o a multiple of 5?
True
Let k(x) = -2*x**3 + 3*x**2 + x - 1. Is 14 a factor of k(-2)?
False
Suppose -2*j + 12 = 2*d, -4*j = -6*d + 2*d + 8. Suppose -5*o - g - j*g + 75 = 0, 0 = 2*o + 2*g - 26. Is 140/o + 2/9 a multiple of 8?
True
Let r be ((-3)/(-9))/((-2)/(-24)). Is 8/6*6/r even?
True
Let s be 198/3 + (0 - -2). Suppose 3*k + k + y - s = 0, -2*y + 10 = k. Is (-6)/9*k/(-4) even?
False
Let i(j) = 6*j - 1. Let l be i(3). Suppose -5*y - l = 3*a - y, -a - 5*y - 2 = 0. Is 12 a factor of ((-6)/a)/(3/84)?
True
Does 11 divide 1/(((-8)/68)/(-2))?
False
Let c(j) = -2*j - 3 + 0*j - 6*j**2 + 0 + 4*j**2. Let l be c(-4). Is (l/2)/(6/(-8)) a multiple of 9?
True
Let h = 2 - 1. Let z be 84 - (h + -2*1). Suppose -5*o - 3*t + 210 = -0*t, 2*o = -t + z. Does 19 divide o?
False
Suppose 4*c = -4*z + 36, -2*z = 2*c + 3*z - 33. Does 3 divide c?
False
Suppose -5*o + 5*x + 260 = x, -178 = -3*o - 2*x. Does 14 divide o?
True
Let k = -1754 - -2540. Does 12 divide 9/(-21) - k/(-21)?
False
Let i = 15 - -6. Suppose -3*v - 3*k + 66 = 0, 0 = -2*v - 4*k + 71 - i. Does 5 divide v?
False
Suppose 0 = 5*b + 2*l - 65, -b + 13 = -4*l + 5*l. Is b a multiple of 8?
False
Suppose 5*g = -5*d + 165, d + 2*g - 36 = -0*d. Let r = 45 - d. Is 4 a factor of r?
False
Is 3 a factor of (5 + -20)*(-8)/10?
True
Suppose 5*c + 3*z - 100 = -2*z, -2*c + 4*z = -28. Does 18 divide c?
True
Let l be (-3)/(-1) + -6 - -3. Let t(p) = p**2 + 2. Is 2 a factor of t(l)?
True
Suppose -4*q + 32 = -0*q. Does 5 divide q?
False
Let q(l) = l**3 - 3*l**2 + 4*l - 2. Let i be q(2). Suppose -i*a + 1 = -a. Is 9 a factor of -15*3*a/(-5)?
True
Suppose 105 = 4*c - 75. Let p = -24 + c. Is 13 a factor of p?
False
Suppose 0*m - t = -2*m + 14, 0 = 2*m + t - 6. Suppose 0*p = m*s - p - 6, -s + 4*p - 14 = 0. Suppose 6*r - s*r = 96. Is r a multiple of 8?
True
Let a(x) = -6*x + 12. Does 24 divide a(-6)?
True
Let p = -17 + 7. Let r be (8/5)/((-4)/p). Suppose 3*q = -9, -r - 7 = -2*t + q. Does 2 divide t?
True
Let n(w) = -w**3 + 7*w**2 + w + 1. Let v be n(4). Suppose -7 = -2*f + v. Does 15 divide f?
True
Let t = 7 + 119. Is t a multiple of 21?
True
Let y = 7 - 3. Suppose y*j - 2*o = 102, -3*j + 4*o = -54 - 20. Does 13 divide j?
True
Let p = 9 - 4. Let t(k) = 0*k - 3 + 4*k + p*k. Is 15 a factor of t(2)?
True
Let a = 100 - 31. Is a/15 + (-6)/(-15) a multiple of 2?
False
Suppose 69 = j + 5*a, 7 = -j + 5*a + 56. Is j a multiple of 6?
False
Let w = -13 + 51. Is w a multiple of 23?
False
Let b(f) = -f + 9. Let m be b(7). Let s be (-2 + 2)*(-1)/2. Suppose s = 3*h + m*h - 215. Does 11 divide h?
False
Let z be 792/21 - 8/(-28). Let l = 9 + z. Does 27 divide l?
False
Suppose 18 = t + 2*i, 3*t + 3*i = 5*i + 38. Let c = t + -9. Suppose -p + 1 = -g - 14, 63 = 4*p - c*g. Does 8 divide p?
False
Suppose 69 = -w + 9. Let t be (-12)/(-5) + 2/(-5). Is w/(-3) - t/1 a multiple of 9?
True
Let s(z) = -9*z + 6. Is s(-4) a multiple of 11?
False
Let m(d) = 17*d + 12. Let p be m(-7). Suppose u - 291 = 5*u - 3*r, -5*u = -5*r + 370. Let a = u - p. Is 15 a factor of a?
False
Let v be 2262/21 - (-6)/21. Suppose -y - y = -v. Does 20 divide y?
False
Let l(v) = -v**2 + 10*v - 1. Let q be l(9). Let y be 19/(-3) + q/(-12). Is (-296)/y + 4/(-14) a multiple of 14?
True
Let z = -35 + 76. Is 14 a factor of z?
False
Suppose 92 = 5*n - 53. Let j = 48 - n. Suppose -j = -5*w + 36. Is 9 a factor of w?
False
Let m(t) = -2*t**3 - 2*t**2 + t - 2. Suppose 0 = -0*o + 3*o + 6. Let b be m(o). Suppose -j - z = -21, j - 6 - 6 = -b*z. Does 15 divide j?
False
Let p(d) = d**3 + 5*d**2 - 7*d - 6. Let o be p(-6). Suppose 6 = 3*j - o. Suppose -j*i = -5*a - 66, 0*a - 31 = -i + 2*a. Does 9 divide i?
False
Let p = 12 - -38. Let a be p/18 + (-12)/(-54). Suppose -128 - 27 = -5*k + 5*m, a*k - m = 83. Is k a multiple of 13?
True
Suppose z + 2 - 15 = w, 0 = -3*w - 15. Suppose -4*b + z + 0 = 0. Suppose -5*s + 149 = -u, -b*s + 52 = -2*u - 14. Does 17 divide s?
False
Suppose 1610 = -5*o + 10*o. Is o a multiple of 46?
True
Let a(s) = 2*s**2 - 8*s - 4. Let o be a(6). Suppose 11 = 5*t - 9. Let u = o - t. Is u a multiple of 9?
False
Suppose z - 42 = -5*b, 2*z - 5*b = -z + 26. Let k = -12 + z. Suppose k*o - 27 = 43. Does 9 divide o?
False
Let z(s) = -s**3 + 9*s**2 + 2*s - 11. Is z(8) a multiple of 23?
True
Let l(i) = -i**2 + 8*i - 8. Let o be (-6)/24 - (-50)/8. Let s be l(o). Suppose -3*v - 5*b + 66 = -0*v, -s*b = -2*v + 66. Is v a multiple of 16?
False
Let s(r) = 4*r**3 + r**2. Let y be s(1). Suppose -y*f + 5*q + 10 = -0*f, 0 = -2*f + 4*q + 8. Suppose 5*c + n - 63 = f, 0*c - 3*n + 7 = c. Does 5 divide c?
False
Let r(p) = -85*p**3 - p - 2. Is r(-1) a multiple of 14?
True
Suppose -3*z + 27 = 3*l, 0 = 3*z + 2*z + 3*l - 35. Suppose -z*v + 10 = -6. Is v even?
True
Let s(k) be the third derivative of k**5/60 + 7*k**4/24 + 5*k**3/6 - 4*k**2. Is s(-7) a multiple of 2?
False
Let k = 11 - 8. Let s(j) = 4*j**2 - 3*j - 3. Does 13 divide s(k)?
False
Let b(c) = 0*c - 2 - 6*c**2 + 5*c + 0. Let x be b(4). I